ate (16 - 13) + (-5 - -1).
-1
What is the value of -7 + 7 + -3 + 5?
2
Evaluate 4 + (-2 - 2) - (-1 + 4).
-3
What is 4 + (3 + -2 - 2)?
3
Calculate (-5 + 2 - 0) + 2.
-1
Calculate 5 + -1 + -5 + 1.
0
1 - (3 + (1 - -1) + -6)
2
3 - (6 + -1 + 1)
-3
What is the value of (4 - (2 + 0)) + (6 - 10)?
-2
Calculate 1 - (5 - 3) - (1 - 5).
3
Calculate 0 + -1 + 10 + -5.
4
What is the value of 0 + 10 - (214 + -208)?
4
0 - ((-18 - -17) + 1 + 1)
-1
-9 + 7 + (-7 - -5)
-4
(-3 - (3 - 5)) + 3
2
What is the value of (0 + 8 - 8) + -4?
-4
What is the value of 1 + 3 + -5 + 4?
3
Calculate -91 + 104 - (2 - (-3 - -1)).
9
What is -5 + 0 - (8 + -7 - 2)?
-4
Calculate -1 - (5 + -4 + 0).
-2
What is the value of 6 - (0 + 2 + 1 - -1)?
2
What is 4 - (-8 + (13 - 5))?
4
Evaluate 4 - (-5 - -2) - 1 - 2.
4
Calculate 6 + 0 + 9 - (6 + 2).
7
Evaluate -3 + -4 + 1 - -4.
-2
(2 + -4 - -3) + (-1 - 2)
-2
Evaluate 0 - ((6 - 1) + -4) - 1.
-2
Evaluate -1 + -2 - (-3 - -11 - 7).
-4
Evaluate (-18 - -13) + 8 + -3 + 0.
0
44 - 36 - (1 - -9)
-2
Calculate 0 + 13 - 7 - 13.
-7
What is (19 - 18) + -3 + 1?
-1
1 - ((-12 - -4) + 7)
2
Calculate -1 - -1 - (-5 + (3 - -2)).
0
Evaluate 6 - (7 + -15 + 11).
3
What is the value of 2 + -2 + 5 - 1?
4
Evaluate (-1 - (-3 - -2)) + -8 + 7.
-1
What is -1 - 0 - (-7 - -8)?
-2
What is -6 + -1 - (-21 - (1 - 7))?
8
What is 3 + -9 - (2 + 0 - 5)?
-3
What is the value of 14 + 9 + -16 + -3?
4
19 - 8 - 7 - (-2 - 1)
7
What is (2 - (3 - (-4 - -3))) + 7?
5
(-3 - (-9 - 1)) + (-3 - 0)
4
What is (-6 - -5 - 0) + 1 - 3?
-3
2 + 3 + (4 - (-12 - -22))
-1
-4 + (4 - -2) - 5
-3
Evaluate -1 - ((6 - 10) + -4 + 2).
5
Calculate (4 - -1) + 0 + -7.
-2
What is the value of -1 + 5 + 12 + -18?
-2
Calculate (1 - -2) + 0 - -2.
5
What is the value of 0 + 6 + -4 + (-1 - 1)?
0
What is the value of 2 - (2 + 4 + 1 + -6)?
1
Calculate (0 + 9 - 11) + -4.
-6
What is -7 + (0 - (2 + -4))?
-5
2 + -9 + (1 - -2) + -1
-5
Evaluate -2 + 4 - ((-1 - -6) + -4).
1
What is the value of 3 + (4 - (-7 - -8))?
6
What is the value of (3 - -1) + 1 - 0?
5
What is 5 + -1 + -3 + (7 - 2)?
6
Calculate 1 - (3 - (3 - 3) - 6).
4
2 + 2 + (4 + -2 - 6)
0
-1 + -7 - (1 - -9 - 8)
-10
(0 - (-1 + 2) - -2) + -4
-3
What is -5 - (-3 - (8 + -1))?
5
What is 0 - (1 - 1 - 2)?
2
Calculate -8 + -3 + 7 - 2.
-6
132 - 132 - (1 - -1)
-2
1 + 0 + (131 - 128)
4
Evaluate (-3 - (8 + -10 + 6)) + 5.
-2
Calculate -2 + (-3 + -1 - 6) + 5.
-7
Evaluate -6 + 5 - (-5 + (0 - -1)).
3
Evaluate 2 + 0 - (-2 - 1).
5
What is the value of (7 - 3) + 0 + -2?
2
What is (13 + -2 - 18) + 5?
-2
Calculate 5 + (-1 - (-4 + 2)).
6
What is 2 - 8 - (7 - (-13 + 20))?
-6
What is 5 - (-1 - -13 - (-16 - -19))?
-4
2 + (11 - 9) + -8
-4
Calculate 2 + (0 - 2) + 1.
1
(6 - -3 - 11) + (1 - 5)
-6
What is the value of 2 + -2 + 3 + -1?
2
Evaluate 3 - (-6 - 7 - -10).
6
Evaluate 5 - (-6 + (10 - 3)).
4
Evaluate -8 - (-9 + -9 - -4).
6
Evaluate (-6 - (10 - 11)) + -2 + 1.
-6
What is -1 + (-2 - -6 - (9 - 6))?
0
What is 0 + 4 + -1 + -3?
0
Calculate -6 + (10 - 11) - -6.
-1
What is -4 + (8 - -2) + (-11 - -13)?
8
Evaluate 5 + (13 - (4 + 16)).
-2
Calculate 4 - (-1 - -6 - (3 + 0)).
2
What is the value of -1 - ((-6 - 6) + 7)?
4
Calculate -24 + 15 - (-7 + 1).
-3
What is the value of 3 - (15 + -5) - -3?
-4
What is the value of -1 - -1 - (-43 + 45)?
-2
What is 13 + -12 + -4 + (0 - -10)?
7
Evaluate 3 + -2 + (-3 - 3).
-5
What is 3 - 0 - (13 - 12)?
2
Evaluate (0 + 3 - (11 - 11)) + 1.
4
Calculate -11 - -21 - 9 - (-1 + -4).
6
What is the value of -4 + (3 - ((2 - -1) + 1))?
-5
Evaluate (-6 + 2 - 1) + (123 - 118).
0
What is the value of (0 + -3 - -1) + 5 + -7?
-4
-2 - (-2 - 3 - -4)
-1
Evaluate (-2 - 0 - 1) + -2.
-5
Evaluate 0 + 0 + (1 - -5) + 0.
6
3 + -9 - -5 - -8
7
Evaluate 4 + -4 + (-4 - -5).
1
What is the value of -3 + 6 + 9 + -7?
5
Calculate (1 - 3) + -2 + 6 + -7.
-5
What is -4 - -1 - ((1 - -1) + -1)?
-4
Evaluate (2 - (3 - 7)) + -6 + 3.
3
Calculate -6 - (2 + (-2 - 6)).
0
What is -1 - (7 - 9 - (-1 - -3))?
3
Evaluate -7 - (5 + -5 + -6).
-1
Calculate -12 + 14 + -8 - (-3 - 1).
-2
Calculate 1 - -10 - 4 - 18.
-11
Evaluate 0 + -2 + 1 - (-53 - -47).
5
Evaluate -6 - (4 + -5 + -3 - -6).
-8
What is -6 + (1 - -1) + -1?
-5
(7 - (7 - 4)) + (-2 - 2)
0
Calculate -3 - (-2 + (-2 - 2)) - 5.
-2
Calculate 7 + (-9 - -7) + 0.
5
What is (-3 + -1 - 4) + 3?
-5
Evaluate 0 - (-1 + 4 + (-4 - 4)).
5
What is 10 + (-16 - (5 + -11))?
0
What is the value of -17 + (-21 + 13 - -16)?
-9
Evaluate -64 - -56 - (-2 + (2 - 6)).
-2
5 + (-3 - 0) + 3
5
What is -6 - (4 - (2 + 1) - 0)?
-7
What is -11 - (3 + 0 + -4) - -4?
-6
Evaluate -9 - ((5 - 3) + -7).
-4
Evaluate (0 - -4 - 3 - 8) + 2.
-5
(4 - 1) + 0 + -1 + -6
-4
What is the value of (3 - 0) + 3 + -5 - -4?
5
What is the value of -4 - (-4 + 1 - 6) - 4?
1
What is -1 + -5 - (116 + -118)?
-4
5 + (-12 - -2) + 0
-5
Evaluate (-50 - -44) + (0 - -4) - 3.
-5
Evaluate -4 + (-5 - (-13 - -14)).
-10
Evaluate (-1 - 6) + -2 + 0 - -4.
-5
What is the value of -1 - (6 - (1 + 10))?
4
Calculate -2 + (4 + -4 - -2) - -2.
2
Evaluate -3 + 2 - (8 - (-1 - -5)).
-5
Evaluate (1 - 3) + -4 - (112 + -124).
6
Evaluate -11 + 0 - (18 - 23).
-6
Evaluate -3 + 11 + (22 - 36).
-6
Evaluate 18 + -14 + 3 + -4.
3
What is the value of (3 - 0) + 41 + -43?
1
20 + -20 + 3 + -1 + 3
5
Evaluate -12 - 0 - (3 + -15).
0
(0 - (-4 + 0)) + -7 - -2
-1
(4 - -1) + (66 - 67)
4
Evaluate 17 + -24 + (3 - -2).
-2
What is 17 + -14 - ((0 - -2) + 0)?
1
Evaluate (-2 - -8) + (4 - 5) - 1.
4
What is 10 + -17 - -10 - (1 - 0)?
2
What is 3 + (3 - (3 - 3) - 1)?
5
Evaluate 1 + -1 + 5 + -11.
-6
What is 5 + -8 + 1 + 3?
1
What is the value of (6 - -11 - (10 + -4)) + -4?
7
Calculate (-14 - -8) + -3 + 8.
-1
Evaluate -15 - -18 - (2 + 1 - -9).
-9
Calculate (10 - (-8 - -13)) + -8.
-3
What is 2 + 1 + (-1 + 0 - -1)?
3
What is -16 - (-8 + 1 - -9 - 9)?
-9
Calculate 11 + (-4 - (7 - 6)).
6
What is the value of 5 - (-5 - -9) - -4?
5
Evaluate (-2 - (-5 - -5)) + 17 - 7.
8
Calculate -4 + 0 + (8 - 6) + 6.
4
1 + (6 - 9) + 3
1
What is -30 - -33 - ((1 - 1) + 1)?
2
Evaluate (-5 - (-4 + 4)) + 7 + -4.
-2
Calculate 2 + -2 - (2 - (-1 + 9)).
6
-3 + 0 + 3 - (45 + -40)
-5
(-4 + 2 - (-2 + 5)) + 3
-2
What is the value of -18 + (-1 - -16) + -9 + 1?
-11
What is the value of 4 + (1 - (3 - 0 - 2))?
4
Evaluate -1 + -3 + (6 - 7).
-5
(8 - 11) + (-1 - 2) - -2
-4
-2 + 1 + -3 + 0 + -1
-5
6 + -1 + -1 + 1 - 8
-3
Evaluate 3 + (2 - (4 + 7 + -4)).
-2
1 - (0 + 5) - (75 + -76)
-3
Evaluate 27 + -22 - (0 + 9).
-4
Evaluate 1 + 2 + -13 + 1 + -1.
-10
Evaluate 7 - (-3 - -7 - (0 - -1)).
4
18 + -7 - (7 - 1)
5
Evaluate (-14 + 5 - -9) + -4.
-4
What is the value of 0 + 5 - (0 - -5)?
0
Calculate -1 - -3 - (-6 - -3).
5
What is 0 - (1 - (-1 + 2))?
0
Calculate -1 + (-2 - (-2 + 0) - 3).
-4
Evaluate 1 - (-4 + 2 + 6).
-3
What is the value of 2 - (0 - (-1 + 1))?
2
What is the value of 2 + -5 + -4 - -3?
-4
Evaluate (0 - -3) + -2 + -1.
0
Evaluate 2 + 1 + (2 - 5) + 5.
5
What is the value of 1 - -4 - (15 + -14)?
4
(3 - 4) + 10 + (-1 - 3)
5
Evaluate 2 - (-6 - (-19 + 5)) - -1.
-5
What is the value of (10 - 4) + (2 - (7 + 1))?
0
What is -2 + (3 - (-2 + 7))?
-4
Evaluate 3 - (-1 + -2 + (2 - -1)).
3
What is -5 + -9 + 2 - (-6 + 1)?
-7
3 + -8 + -1 - -1
-5
What is 13 + -11 + 5 + -4?
3
Evaluate -7 - (-2 - 0) - (0 + -1).
-4
Calculate (19 - 9) + -4 + 2.
8
What is the value of 14 - 17 - (0 + 0)?
-3
(0 - 3) + (-3 + 5 - 0)
-1
-7 + 8 - (-2 - -1)
2
What is 1 + (-7 - -3) + 3?
0
Calculate 0 + (-4 - (-3 - (-2 - -5))).
2
Calculate (6 - (2 + 12)) + 4 + -2.
-6
What is (0 - -1) + 0 + (0 - 0)?
1
What is 0 + 13 + (85 - 92)?
6
4 + 0 - 2 - 3
-1
Evaluate 7 - (10 - (0 - -2)).
-1
22 + -9 + -2 - 5
6
What is 1 + 0 - (35 - 35)?
1
What is 12 - (10 + 19 + -13)?
-4
0 + -1 + -3 + (0 - -3)
-1
What is -1 + -9 + (13 - 5 - 4)?
-6
What is -2 + 2 + (3 - 6 - -1)?
-2
What is the value of -3 + 8 - (1 + 2)?
2
What is -17 + (-2 + -3 - -20)?
-2
Calculate 7 - (-7 - (-24 + 12)).
2
Evaluate -1 + 0 + 9 - (-6 + 23).
-9
What is 2 + -4 + 3 + -7 - -8?
2
What is -4 - (-1 - (3 + 0 + -4))?
-4
Calculate 43 + -33 - (1 - -3).
6
What is the value of 4 + -10 + 3 + 0?
-3
Calculate -1 - 5 - (-2 + -4 - -3).
-3
Evaluate -14 + 17 - (1 + -2).
4
Calculate 6 + -3 + (3 - 4) - -1.
3
What is the value of 6 + 0 + (21 - 33)?
-6
(31 - 30) + 0 + 3
4
Evaluate (-4 - -5 - -3) + -5.
-1
What is the value of 1 + -5 + (-1 - -7) + 7?
9
What is the value of 0